?
False
Let z = -95 - -97. Suppose y - 1122 = 2*w + z*y, 5*w + 2823 = 2*y. Let u = w - -1540. Is u a prime number?
True
Suppose -12 = -8*c + 12*c. Let g = c - 2. Let f(w) = -38*w - 12. Is f(g) composite?
True
Let x be (-135)/90 + 38/(-4). Is -6 + (-2 - x) + 6634 a prime number?
True
Let p(q) = -12*q**2 + 5*q**3 + 7 + 29 - 12*q**3. Is p(-11) prime?
True
Let f(u) = 12*u**3 - 8*u**2 + 5*u + 5. Let v(h) = -11*h**3 + 8*h**2 - 5*h - 5. Let j(c) = -5*f(c) - 6*v(c). Let q be j(5). Let b = q + -201. Is b composite?
False
Let b(m) = -41514*m - 3469. Is b(-6) prime?
False
Let w(t) = -t**3 - 15*t**2 - 11*t - 28. Let y be w(-14). Let b = 213 + y. Let j = b + 606. Is j a prime number?
False
Let r(o) = 2*o + 14. Let j be r(-5). Suppose j*i + 3*w - 3 = 6*w, w = -5*i + 18. Suppose i*x - 5*x + v = -295, 5*x = -4*v + 757. Is x composite?
False
Let h be ((-9992)/(-3))/((-4)/(-66)) - 5. Suppose -50*p - h = -63*p. Is p prime?
False
Let w(b) = 1321*b - 440. Is w(37) prime?
True
Suppose 4*o + 102*m - 498899 = 101*m, -5*m + 35 = 0. Is o prime?
False
Let b = -11 + 19. Suppose 127 + 89 = b*d. Is -159*((-30)/d)/(4/6) composite?
True
Let s(u) = -u**3 - 29*u**2 + 47*u - 81. Is s(-50) a prime number?
True
Is ((-13 - -17) + 66574)/2 - 2/1 a composite number?
False
Suppose 0 = 5*r + 4*d - 97653, -14*r + 15*r = 4*d + 19521. Let j = -7156 + r. Is j prime?
True
Let u(a) = 334*a**2 + 18*a - 7*a + 11 + 2*a - 6*a - 2*a. Is u(-2) a prime number?
False
Let s be -68 - -77 - (0 + -290). Suppose -3*t + 861 = 3*v, 4*v - t + 189 = 1352. Let k = v + s. Is k composite?
True
Let z be 0/((-6)/((-3)/1)). Suppose -2*l = 2*k - 5660, -17*k + 14*k + l + 8478 = z. Is k composite?
True
Suppose -2*k = -3*l + 8077, -l = -2*l + 2*k + 2687. Suppose 13*y - 10937 + l = 0. Suppose -5*s = -2*d + y, -2*s = d + 3*s - 287. Is d prime?
True
Let r = 54 + -44. Suppose 0 = k - 5*q - 18, -5*q = -4*k + 32 + r. Let h(b) = b**3 - 8*b**2 + 2*b + 5. Is h(k) prime?
False
Suppose 23*s = 27*s + 20. Let g(d) = -92*d - 11. Let r(a) = a. Let q(o) = s*r(o) - g(o). Is q(2) a prime number?
False
Let z(f) be the first derivative of f**3/3 - 5*f**2 + 19*f - 15. Let y(i) = -3*i - 2. Let w be y(-5). Is z(w) a composite number?
True
Let b(z) = -2*z**2 + 472*z + 105. Is b(94) a prime number?
True
Let z = 72360 - -8557. Is z composite?
False
Let v(l) = l**3 - 5*l**2 - 6*l + 16. Let o be v(6). Suppose -o*x + 8943 + 25921 = 0. Is x a prime number?
True
Let h = -29013 + 20083. Is 3 - (2/18 + h/18) prime?
True
Suppose 3*f = 2*n + 6 + 10, -5*f = 2*n. Suppose 37 = 3*p + 4*r, 4*p - 12 = f*r + 2*r. Suppose 5971 = p*y - 0*y. Is y a prime number?
True
Suppose -58*q - 24*q = -5857178. Is q composite?
False
Let k be (-7 - -2)*(1 - 2). Suppose 3*y = 2*b - 715, -3*y - 406 + 2204 = k*b. Is b a prime number?
True
Let h(o) = 766*o + 10591. Is h(-12) a prime number?
True
Let k be 4 + 2/(-8) + 20/16. Suppose 491 = 2*f + k*l + 60, 2*f = -4*l + 434. Is f a composite number?
False
Suppose 3*z + 13 = -2*v, -v - 3*z = -0*z + 11. Let u(k) = 283*k**3 - 2*k**2 + 2*k + 2. Let x be u(v). Is (-10)/(-15)*x/(-4) prime?
True
Let h = -724 - -225. Let r = -56 - h. Is r a prime number?
True
Let h(u) = -749*u - 1704. Is h(-13) prime?
False
Suppose 5*r = -4*j + 3, 4*j - 2*r = -3*r + 7. Suppose 2*b + 4*n = 18972, -4*b - 3*n + 37937 = -j*n. Suppose b = 3*t - o, -3*o - 4304 = 4*t - 16971. Is t prime?
True
Let l(x) = 17*x**3 - 14*x**2 - 12*x - 16. Let k(o) = -o**3 + o - 1. Let z(u) = -5*k(u) - l(u). Let t be z(-11). Suppose -3*b + t = 3*b. Is b prime?
False
Let n(x) = 23*x**2 + 64*x - 631. Is n(-54) prime?
True
Let p(t) be the second derivative of 43/6*t**3 + 18*t + 0 - 2*t**2. Is p(5) composite?
False
Let r(j) = 8*j**2 - 85*j - 33. Let m(s) = -4*s**2 + 43*s + 17. Let k(d) = -9*m(d) - 4*r(d). Is k(16) a composite number?
False
Let s be 140/(-12)*(-54)/45. Suppose s*d = -d + 13515. Is d a prime number?
False
Let b = 69 - 67. Let f be 33921/51 - b/17. Let k = f - -734. Is k a composite number?
False
Suppose 1597840 - 32614 = 18*f. Is f a composite number?
True
Let y(a) = a**2 - a. Let j(q) = -q**3 - 5*q**2 + 8*q - 77. Let s(f) = -j(f) - 5*y(f). Is s(0) prime?
False
Let a be (-1)/(-3) + 41968/6. Let h be (0 + 147/(-14))*(-2)/3. Suppose -h*z + 2*z = -a. Is z a composite number?
False
Let i = -119 - -133. Let a be i + (-2 + 2 - -1). Is (a/(-45))/(1/(-5127)) a composite number?
False
Let m = 14 - 9. Let y(h) = h**2 + 52*h - 2081. Let i be y(28). Suppose -386 = -m*l + i. Is l prime?
True
Suppose 31 = 2*h + 5*u, 4*h + 3*u - 17 = 10. Suppose 6 - 30 = -h*o. Is 0 + 3982/o - (-15)/(-20) composite?
True
Let l = -1872 - -8749. Let a = 1652 - -2832. Let q = l - a. Is q composite?
False
Suppose 0 = 51*o - 3*o - 386832. Is o prime?
True
Let c(l) = -2*l**2 + 50*l + 45. Let h be c(26). Let w(r) = 70*r**2 - 17*r - 116. Is w(h) a prime number?
True
Suppose 9*v = 255 + 60. Let c = v - 35. Suppose c = 7*b - 465 - 1012. Is b a composite number?
False
Let l(x) = -x - 7. Let f be l(-10). Suppose 12 = 3*v, v + 475 = 4*n - f*n. Suppose k = -g + 66 + 54, -4*k = 3*g - n. Is k a composite number?
True
Suppose -6*h + 1200172 - 82653 = -288143. Is h prime?
False
Suppose -4*r + 47619 = s, r = 2*r - 1. Suppose -6*b + s - 11945 = 0. Suppose u + b = 6*u. Is u prime?
False
Suppose 0 = -19792*p + 19768*p + 7513944. Is p a composite number?
False
Let g = -66373 - -153894. Is g prime?
False
Let x(v) = 7 + 668*v + 129*v - 3 - 2. Let i(t) = 2*t - 11. Let s be i(6). Is x(s) composite?
True
Suppose -1031991 = -3*n + 2*z, 3040 = -2*n + 3*z + 691034. Is n prime?
True
Suppose 8703 + 13176 = 9*h. Suppose -2*a + h = -o, 6097 = 4*a + a + 4*o. Is a composite?
False
Suppose 53*r - 64505747 - 3899816 = 0. Is r prime?
False
Suppose 12*q - 19 = 17. Suppose -5*l = 2*a + 965, -l + 1456 = -q*a - 0*a. Let z = 736 + a. Is z prime?
True
Suppose 3*i = -a + 16, 0*a - 3*i + 10 = -5*a. Suppose 32*b + 6*b + 114 = 0. Is (b - -4) + a + 77 composite?
False
Suppose 506*g - 504*g - 324218 = 0. Is g a prime number?
True
Suppose -17*c + 7602302 + 9975571 + 7495240 = 0. Is c a composite number?
True
Let t = 645710 - 396213. Is t a composite number?
False
Suppose -10*p + 9*p = -4*l - 101669, l + 305029 = 3*p. Is p a composite number?
True
Suppose 0 = 86*x - 1324135 - 2346603. Is x a composite number?
False
Let v(s) = s**3 - 6*s**2 - 5. Let j be v(6). Let t be (-1)/1*(j + 5). Suppose -5*q + t*q = -335. Is q a composite number?
False
Let q = 1048309 - 535739. Suppose -88*f + q = -78*f. Is f composite?
False
Let y = 125 + -126. Is y + 183 - (-5)/((-15)/9) composite?
False
Suppose -5*v = 0, -y + 243 + 113 = -v. Suppose 0 = -3*q + 238 + 728. Suppose 6*z - q = y. Is z composite?
False
Let t(l) be the third derivative of -8*l**6/3 - l**5/60 + 4*l**2. Let v be 1/(25/(-15) - (-2)/3). Is t(v) a composite number?
True
Suppose 143*z - 9894221 = 401636. Is z prime?
True
Let x(d) = 2*d**2 - 19*d + 977. Is x(0) prime?
True
Let a(j) = 169*j - 37. Let g(i) = 337*i - 74. Let o(z) = 9*a(z) - 4*g(z). Is o(10) a composite number?
False
Let d(t) = 188*t**2 + 9*t - 25. Let s(j) = -8*j - 20. Let n be s(-3). Is d(n) composite?
False
Suppose 3*m + 8 = 4*o - m, 4*m = -o + 12. Is 9894/o*(-34)/(-51) a prime number?
False
Let a = 74787 + -42590. Is a a composite number?
True
Suppose 0 = -3*l + 7*l - 4*d - 604, l = 5*d + 171. Let z = -143 + l. Suppose -z*x + 4*w + 147 = 0, 4*x - 3*w = 139 + 64. Is x composite?
False
Let w = 61 - 26. Let s = -26 + w. Is (-2379)/(-6) - s/(-18) a composite number?
False
Suppose 11*m = 3*m + 312. Let p = m + -39. Suppose p = 3*x - 234 - 213. Is x a prime number?
True
Let i be (-4)/(-2) + 4/(-2). Suppose i = 10*w - 663627 + 38297. Is w composite?
False
Suppose x - 7*x + 12 = 0. Suppose -2*p = -3*a - x*a - 177, -3*a = 3*p - 255. Suppose -4*w + 14 = -p. Is w composite?
True
Suppose 62229 = 11*m - 52917 - 80951. Is m prime?
True
Let s(u) = 4*u**2 + 3*u - 2. Let f be s(2). Suppose -4*k - f = -9*k. Suppose -2*t - 9169 = -k*t + 5*h, -3*t = 5*h - 13716. Is t composite?
True
Let o = 267773 - 176868. Is o prime?
False
Let v = 6956 - 3613. Is v a composite number?
False
Let n(v) = -215*v**2 + 2*v - 5. Suppose 0 = -4*h + 6 - 22. Let t be n(h). Is (t/(-12))/((-7)/(-28)) prime?
True
Is (8941811 + -1)*((-273)/130)/(-21) a composite number?
False
Let g = 141 - 17